the thousands digit of 3649?
3
What is the units digit of 4028?
8
What is the tens digit of 3474?
7
What is the ten thousands digit of 34766?
3
What is the units digit of 6829?
9
What is the hundreds digit of 2749?
7
What is the tens digit of 2150?
5
What is the hundreds digit of 7863?
8
What is the thousands digit of 6038?
6
What is the units digit of 247?
7
What is the units digit of 32816?
6
What is the tens digit of 91?
9
What is the hundreds digit of 78371?
3
What is the tens digit of 7413?
1
What is the units digit of 6395?
5
What is the hundreds digit of 8006?
0
What is the hundreds digit of 91563?
5
What is the hundreds digit of 96200?
2
What is the tens digit of 70?
7
What is the tens digit of 3144?
4
What is the hundreds digit of 21498?
4
What is the units digit of 677?
7
What is the hundreds digit of 327?
3
What is the units digit of 1060?
0
What is the units digit of 2136?
6
What is the hundreds digit of 27650?
6
What is the units digit of 43641?
1
What is the units digit of 112561?
1
What is the tens digit of 47509?
0
What is the tens digit of 679?
7
What is the tens digit of 47609?
0
What is the units digit of 36935?
5
What is the ten thousands digit of 18751?
1
What is the units digit of 1700?
0
What is the hundreds digit of 531?
5
What is the units digit of 3151?
1
What is the hundreds digit of 17142?
1
What is the tens digit of 51550?
5
What is the ten thousands digit of 34838?
3
What is the ten thousands digit of 11846?
1
What is the thousands digit of 5588?
5
What is the tens digit of 52628?
2
What is the hundreds digit of 1666?
6
What is the thousands digit of 1198?
1
What is the hundreds digit of 34081?
0
What is the units digit of 1252?
2
What is the hundreds digit of 3759?
7
What is the units digit of 866?
6
What is the hundreds digit of 4113?
1
What is the tens digit of 53040?
4
What is the tens digit of 26588?
8
What is the ten thousands digit of 21918?
2
What is the units digit of 73?
3
What is the hundreds digit of 482?
4
What is the tens digit of 16563?
6
What is the hundreds digit of 451?
4
What is the thousands digit of 100557?
0
What is the hundreds digit of 694?
6
What is the tens digit of 163?
6
What is the hundreds digit of 951?
9
What is the ten thousands digit of 173866?
7
What is the tens digit of 32078?
7
What is the tens digit of 481?
8
What is the tens digit of 40928?
2
What is the hundreds digit of 85166?
1
What is the units digit of 578?
8
What is the tens digit of 475?
7
What is the hundreds digit of 3161?
1
What is the tens digit of 16565?
6
What is the units digit of 24464?
4
What is the tens digit of 2149?
4
What is the units digit of 2727?
7
What is the units digit of 88119?
9
What is the tens digit of 102?
0
What is the units digit of 6841?
1
What is the tens digit of 26820?
2
What is the hundreds digit of 6838?
8
What is the units digit of 2452?
2
What is the hundreds digit of 8836?
8
What is the tens digit of 2460?
6
What is the thousands digit of 3585?
3
What is the thousands digit of 11274?
1
What is the units digit of 9?
9
What is the units digit of 2681?
1
What is the units digit of 9888?
8
What is the ten thousands digit of 22892?
2
What is the ten thousands digit of 19058?
1
What is the ten thousands digit of 39018?
3
What is the thousands digit of 5659?
5
What is the units digit of 3708?
8
What is the hundreds digit of 49632?
6
What is the hundreds digit of 2796?
7
What is the units digit of 11682?
2
What is the hundreds digit of 4044?
0
What is the thousands digit of 1832?
1
What is the thousands digit of 3838?
3
What is the thousands digit of 45608?
5
What is the units digit of 1705?
5
What is the tens digit of 1384?
8
What is the tens digit of 3592?
9
What is the thousands digit of 1225?
1
What is the units digit of 645?
5
What is the units digit of 2924?
4
What is the ten thousands digit of 13850?
1
What is the thousands digit of 13338?
3
What is the thousands digit of 64478?
4
What is the hundreds digit of 3429?
4
What is the thousands digit of 24738?
4
What is the hundreds digit of 488?
4
What is the thousands digit of 1367?
1
What is the hundreds digit of 624?
6
What is the thousands digit of 12393?
2
What is the tens digit of 115920?
2
What is the hundreds digit of 2019?
0
What is the tens digit of 31263?
6
What is the tens digit of 8059?
5
What is the units digit of 202?
2
What is the units digit of 27105?
5
What is the thousands digit of 1595?
1
What is the thousands digit of 105027?
5
What is the hundreds digit of 5151?
1
What is the units digit of 1538?
8
What is the hundreds digit of 8541?
5
What is the tens digit of 34324?
2
What is the units digit of 3573?
3
What is the ten thousands digit of 118395?
1
What is the tens digit of 2182?
8
What is the tens digit of 3381?
8
What is the tens digit of 1787?
8
What is the units digit of 11494?
4
What is the thousands digit of 15853?
5
What is the units digit of 8002?
2
What is the tens digit of 947?
4
What is the hundreds digit of 5702?
7
What is the units digit of 1856?
6
What is the thousands digit of 36582?
6
What is the tens digit of 28439?
3
What is the hundreds digit of 9166?
1
What is the hundreds digit of 25166?
1
What is the hundreds digit of 43115?
1
What is the units digit of 965?
5
What is the units digit of 260?
0
What is the hundreds digit of 185347?
3
What is the hundred thousands digit of 201045?
2
What is the thousands digit of 1122?
1
What is the units digit of 568?
8
What is the units digit of 3223?
3
What is the ten thousands digit of 20585?
2
What is the units digit of 22208?
8
What is the tens digit of 25441?
4
What is the tens digit of 200484?
8
What is the units digit of 4797?
7
What is the units digit of 13911?
1
What is the thousands digit of 9167?
9
What is the units digit of 1664?
4
What is the hundreds digit of 29395?
3
What is the tens digit of 10147?
4
What is the hundreds digit of 4792?
7
What is the units digit of 5360?
0
What is the thousands digit of 9345?
9
What is the thousands digit of 1475?
1
What is the units digit of 9925?
5
What is the tens digit of 8399?
9
What is the thousands digit of 2689?
2
What is the units digit of 5272?
2
What is the thousands digit of 41331?
1
What is the ten thousands digit of 18246?
1
What is the tens digit of 14?
1
What is the thousands digit of 1395?
1
What is the tens digit of 25052?
5
What is the thousands digit of 8776?
8
What is the tens digit of 28286?
8
What is the units digit of 2943?
3
What is the tens digit of 46284?
8
What is the tens digit of 2097?
9
What is the hundreds digit of 266?
2
What is the units digit of 2970?
0
What is the hundreds digit of 712?
7
What is the tens digit of 14211?
1
What is the hundreds digit of 11243?
2
What is the thousands digit of 12328?
2
What is the hundreds digit of 3253?
2
What is the units digit of 11534?
4
What is the hundreds digit of 504?
5
What is the hundreds digit of 23937?
9
What is the units digit of 5972?
2
What is the ten thousands digit of 13392?
1
What is the ten thousands digit of 19114?
1
What is the tens digit of 932?
3
What is the hundreds digit of 5072?
0
What is the thousands digit of 1926?
1
What is the thousands digit of 22738?
2
What is the units digit of 5844?
4
What is the tens digit of 917?
1
What is the units digit of 8355?
5
What is the tens digit of 1009?
0
What is the hundreds digit of 1601?
6
What is the hundreds digit of 7215?
2
What is the tens digit of 61481?
8
What is the hundreds digit of 7936?
9
What is the tens digit of 103984?
8
What is the thousands digit of 1942?
1
What is the hundreds digit of 36314?
3
What is the thousands digit of 3702?
3
What is the tens digit of 25901?
0
What is the units digit of 808?
8
What is the ten thousands digit of 15503?
1
What is the hundreds digit of 25491?
4
What is the tens digit of 9858?
5
What is the tens digit of 575?
7
What is the hundreds digit of 20595?
5
What is the tens digit of 401?
0
What is the tens digit of 549?
4
What is the thousands digit of 3982?
3
What is the hundreds digit of 3010?
0
What is the tens digit of 11483?
8
What is the tens digit of 17712?
1
What is the ten thousands digit of 112419?
1
What is the units digit of 8757?
7
What is the units digit of 2700?
0
What is the tens digit of 33234?
3
What is the hundreds 